0*k. Let o(j) = j + 1. Let n be o(k). Suppose 0 = 4*m - 5*g + g - 44, n = -5*g - 5. What is the remainder when 39 is divided by m?
9
Suppose -t + 22 = -3*w, 4*t - 3*w - 89 + 1 = 0. Suppose -32 = -3*j - j. Calculate the remainder when t is divided by j.
6
Suppose 141 = 4*l - 43. Suppose 7*v - 9*v = -32. Calculate the remainder when l is divided by v.
14
Suppose 5*a = -p + 20, -2*p + 10 = -a + 3. Calculate the remainder when 12 is divided by p.
2
Let p be 274/(-6) + (-1)/3. Let k = -28 - p. Calculate the remainder when k is divided by 5.
3
Let j = 29 + -41. Let d = -11 - j. Let l(x) = 10*x**3 + 1. What is the remainder when l(d) is divided by 4?
3
Let h = 5 - -37. Calculate the remainder when h is divided by 15.
12
Let w = 49 + -42. What is the remainder when 45 is divided by w?
3
Let r(a) = a**3 - 14*a**2 + 21*a - 26. Calculate the remainder when r(13) is divided by 21.
15
Suppose -2*a + 4*a = 10. Suppose 0 = -3*y + y + 16. What is the remainder when y is divided by a?
3
Let n(u) = u**3 - 4*u**2 + 3*u + 5. Suppose 2*g - 1 - 2 = -c, -5*c = -g + 29. Let o be g/(-18) + (-38)/(-9). What is the remainder when 33 is divided by n(o)?
16
Let n = -19 - -50. What is the remainder when n is divided by 16?
15
Let o(g) = -g**3 - 8*g**2 - 8*g - 7. Let t be o(-7). Suppose k = t, -k = 2*m - 6*k. Suppose -b + 2*b - 10 = m. What is the remainder when b is divided by 4?
2
Let u = -14 - -16. Calculate the remainder when u is divided by 1.
0
Calculate the remainder when -2 - (-12 - (0 + -1)) is divided by 5.
4
What is the remainder when 17 is divided by (-5)/4 + (-1000)/(-160)?
2
Suppose o + 21 = 2*r, -r + 4*o - 48 = -5*r. Calculate the remainder when 30 is divided by r.
8
Let a = 39 - 14. What is the remainder when a is divided by 9?
7
Let p(l) = -l**3 - 9*l**2 - 5*l - 13. Calculate the remainder when 94 is divided by p(-9).
30
Suppose 0*k + 2*k + 78 = 5*n, -n + 3*k = -26. What is the remainder when 26 is divided by n?
12
Let a = -14 + 8. Let v = 20 + a. Let u = 5 + 3. Calculate the remainder when v is divided by u.
6
Let x(v) = -2*v. Calculate the remainder when x(-17) is divided by 18.
16
Suppose 4*s = 2*s + 8. Suppose -7 = -x + 3*g, -g - 5 - 34 = -s*x. Calculate the remainder when x is divided by 2/(-6) - (-38)/6.
4
Suppose 0 = -3*u + 4 + 14. Let g = 12 - u. Suppose -3*y = -t - 65, -y - 18*t + 15*t + 15 = 0. Calculate the remainder when y is divided by g.
3
Let z = -3 + 5. What is the remainder when 70 is divided by ((-1)/(-2))/(z/96)?
22
Suppose -3 = 3*z - 6. Let h(k) be the third derivative of 7*k**4/12 + k**3/6 - 2*k**2. What is the remainder when h(z) is divided by 8?
7
Calculate the remainder when 19 is divided by ((-8)/(-12))/(120/(-63) + 2).
5
Calculate the remainder when 27 is divided by (5 - 1)*(-30)/(-12).
7
Let d = -116 - -121. Calculate the remainder when 28 is divided by d.
3
Suppose 0 = 2*c - c. Suppose -2*x - 4*o + 14 = c, x + 3*o - 10 + 1 = 0. Calculate the remainder when 33 is divided by (1/x)/((-2)/(-102)).
16
Suppose 0 = -4*o + 12 + 4. Suppose -o = 3*s - 34. Suppose -5*v + 27 = 3*u, 3*u = 2*v + 17 + s. What is the remainder when 25 is divided by u?
7
Suppose -4*z + 21 = -11. What is the remainder when (-62)/((-3)/((-6)/(-4))) is divided by z?
7
Suppose 2*y = 5*l - 2*y - 101, -5*y - 105 = -5*l. What is the remainder when 63 is divided by l?
12
Let y = 22 - 93. Let n = y - -132. What is the remainder when n is divided by 16?
13
Suppose 0 = -4*h - 4*l + 71 + 17, -3*l = -h + 22. Calculate the remainder when h is divided by 14.
8
Let u = 9 - -8. Calculate the remainder when 29 is divided by (u - 2)*(1 + 0).
14
Let j(n) be the first derivative of -n**3/3 - 7*n**2/2 + 2*n + 3. Calculate the remainder when j(-5) is divided by 7.
5
Suppose -2*d - 1316 = -4*d. Suppose d = -b + 8*b. Calculate the remainder when b is divided by 24.
22
Let h be (-2)/4*0/(-9). Suppose h = 3*q - 5*a + 3*a + 6, 2*a = 5*q + 6. Suppose 4*t - 3*t - 39 = q. Calculate the remainder when t is divided by 20.
19
Let h(p) = -p**3 - 5*p**2 + 7*p + 6. Let t be h(-6). Suppose -n - 3*n = t. Suppose -5*a + 135 = -n*a. What is the remainder when a is divided by 14?
13
Let i = 5 + 4. Calculate the remainder when i is divided by 5.
4
Let r = 1 + -3. Let b be (0 - -20) + r/2. Suppose y - 4*h = 14, -y + 5*h = y - b. What is the remainder when y is divided by 1?
0
Suppose -5*z + 196 = 2*d, 4*d + z = d + 294. What is the remainder when d is divided by 33?
32
Let b = -19 - -48. Suppose -2*v + 2 = 5*t - b, 5*t - 4*v = 13. Suppose -5 = -t*d + 45. What is the remainder when 29 is divided by d?
9
Suppose -180 = -4*q + 2*i + i, 0 = q - i - 46. What is the remainder when q is divided by 15?
12
Let s = 49 + 20. Calculate the remainder when s is divided by 24.
21
Let w(t) = t - 2. Let a be w(5). Let o = a - -4. Suppose 0 = -o*u + 2*u + 30. Calculate the remainder when 11 is divided by u.
5
Suppose 8*h = 4*h + 28. Let q(z) = z**2 + 2*z. Calculate the remainder when h is divided by q(-3).
1
Let f(a) = -a**3 - 9*a**2 - a - 2. Let y = -7 + 18. What is the remainder when y is divided by f(-9)?
4
Let z(h) = -6*h + 2. Let i be 3 - 1*(2 - -3). Calculate the remainder when 27 is divided by z(i).
13
Let r(g) = g**2 + 7*g + 18. Calculate the remainder when r(-6) is divided by 3.
0
Let p = -42 - -55. What is the remainder when 23 is divided by p?
10
Let u be ((-2)/4)/(2/(-12)). Let g = u - -2. Suppose -4*f = -3 - g. Calculate the remainder when 3 is divided by f.
1
What is the remainder when (-4)/6*(-63)/7*1 is divided by 4?
2
Let s(j) = j**3 + j**2 - j - 1. Let y(o) = -2*o**2 + 5 + o**3 + 3*o - 3*o**2 - 8*o. Calculate the remainder when s(3) is divided by y(6).
10
Let h = 4 + -112. What is the remainder when 16/56 + h/(-14) is divided by 3?
2
Let m = -16 + 54. Calculate the remainder when 74 is divided by m.
36
Calculate the remainder when 31 is divided by 136/16 - (-2)/4.
4
Let u = 49 - 14. Calculate the remainder when 68 is divided by u.
33
Suppose 103 = 4*y - w + 4*w, -4*y = w - 93. Let o = 4 + 4. What is the remainder when y is divided by o?
6
Let f = -11 - -20. Suppose 5 = a - f. Suppose 2*i - 14 = -3*j, 0 = -i - 0*i + 5*j - 6. Calculate the remainder when a is divided by i.
2
Let i(x) = x**3 + 9*x**2 + 7*x + 7. Let w(h) = -2*h**2 + h**3 - 3 - 6*h**3 - h**3 - 3*h. What is the remainder when w(-2) is divided by i(-8)?
13
Let z(m) = -m**2 + 9*m - 5. Let l be z(8). Let t be -4 + 6 - (-1 + l). Suppose -2*p + 5*p - 51 = t. What is the remainder when p is divided by 9?
8
Suppose -6*w + 15*w = 63. Calculate the remainder when 53 is divided by w.
4
Let k be 1 + -2 - (-40 + 2). Calculate the remainder when (k - 0)/(-1 + 2) is divided by 10.
7
Let i(n) = -n**2 - 8*n + 8. Let l(u) = -2*u**3 + 2*u**2 + 2*u + 3. Let o = -3 - -1. Calculate the remainder when l(o) is divided by i(-8).
7
Let i = -156 - -158. What is the remainder when 6 is divided by i?
0
Let c(x) = 33*x. Let m be c(4). Calculate the remainder when 16/6*m/8 is divided by 15.
14
Suppose 3*m = 0, -27 + 0 = -3*i + 3*m. Suppose 3 + 6 = 3*c. Suppose 2*a = -c*a + 165. What is the remainder when a is divided by i?
6
Let s(f) = 2*f. Let u = 5 + -7. Let r be s(u). What is the remainder when 34 is divided by 11 - (1 - r/(-2))?
10
Suppose -88 = -4*k + 2*k. Suppose 135 = 3*w + 3*g, w = -2*g + k + 4. Let v = w - 18. What is the remainder when v is divided by 13?
11
Suppose -5*k - g = -268, -2*k + 3*g = -2*g - 118. Calculate the remainder when k is divided by 30.
24
Suppose -x - u = -14 - 8, -5*x + 128 = -u. Calculate the remainder when 72 is divided by x.
22
Suppose -5*p + 11*p - 402 = 0. What is the remainder when p is divided by 17?
16
Suppose 3*r = 2*s + 34, 5*r + 5*s = s + 64. Suppose 3*u = u + f + 88, 4*u = -3*f + 196. Calculate the remainder when u is divided by r.
10
Suppose -4*q + q = -30. Let d = q + 0. Calculate the remainder when 38 is divided by d.
8
Suppose 5*p + c + 20 = 3*c, -2*p - 19 = -3*c. Let n be 0*(3/p - -2). Suppose b + 0 - 2 = n. Calculate the remainder when 5 is divided by b.
1
Suppose -h - 25 + 112 = 0. Suppose -w + h = 2*w. Suppose 0 = -4*k - 5*u + 86, -2*u = k + 3*u - w. What is the remainder when 37 is divided by k?
18
Let y(r) = 11*r - 1. What is the remainder when 83 is divided by y(2)?
20
Let y(d) = -7*d - 2. Suppose 4*k - 15 = 3*z + 14